6
What is the hundreds digit of 1183829?
8
What is the thousands digit of 550361?
0
What is the ten millions digit of 30698230?
3
What is the units digit of 32943502?
2
What is the ten thousands digit of 286325?
8
What is the ten thousands digit of 248945?
4
What is the thousands digit of 21334587?
4
What is the tens digit of 99368?
6
What is the ten thousands digit of 332573?
3
What is the ten millions digit of 10065066?
1
What is the tens digit of 1367686?
8
What is the ten thousands digit of 481011?
8
What is the hundreds digit of 172189?
1
What is the millions digit of 2253372?
2
What is the millions digit of 5836520?
5
What is the tens digit of 9077094?
9
What is the units digit of 265669?
9
What is the tens digit of 895441?
4
What is the thousands digit of 277026?
7
What is the millions digit of 5980792?
5
What is the hundred thousands digit of 7103390?
1
What is the thousands digit of 9156674?
6
What is the tens digit of 705316?
1
What is the hundreds digit of 801880?
8
What is the tens digit of 499052?
5
What is the tens digit of 1150589?
8
What is the units digit of 1878125?
5
What is the units digit of 674816?
6
What is the tens digit of 6728407?
0
What is the hundred thousands digit of 8954079?
9
What is the hundred thousands digit of 663826?
6
What is the hundred thousands digit of 308938?
3
What is the hundred thousands digit of 371949?
3
What is the hundreds digit of 6721842?
8
What is the tens digit of 23032?
3
What is the millions digit of 28241196?
8
What is the thousands digit of 278302?
8
What is the hundreds digit of 238325?
3
What is the tens digit of 2681083?
8
What is the thousands digit of 1292057?
2
What is the tens digit of 2306869?
6
What is the hundred thousands digit of 1064598?
0
What is the hundreds digit of 440491?
4
What is the hundreds digit of 4576?
5
What is the thousands digit of 433774?
3
What is the units digit of 6029701?
1
What is the ten thousands digit of 3080842?
8
What is the tens digit of 5506687?
8
What is the hundred thousands digit of 718975?
7
What is the millions digit of 12295684?
2
What is the units digit of 4767552?
2
What is the units digit of 472377?
7
What is the ten thousands digit of 550008?
5
What is the ten thousands digit of 4824034?
2
What is the thousands digit of 16095952?
5
What is the tens digit of 6087054?
5
What is the ten thousands digit of 200552?
0
What is the hundreds digit of 147275?
2
What is the thousands digit of 1845294?
5
What is the tens digit of 2014839?
3
What is the tens digit of 680810?
1
What is the hundred thousands digit of 169976?
1
What is the units digit of 11777864?
4
What is the hundreds digit of 374595?
5
What is the tens digit of 19232125?
2
What is the ten thousands digit of 7523665?
2
What is the thousands digit of 2036836?
6
What is the thousands digit of 519029?
9
What is the hundreds digit of 766470?
4
What is the tens digit of 5779923?
2
What is the tens digit of 8788715?
1
What is the tens digit of 1508?
0
What is the ten thousands digit of 162871?
6
What is the units digit of 455617?
7
What is the units digit of 5927637?
7
What is the hundred thousands digit of 894165?
8
What is the tens digit of 4473463?
6
What is the tens digit of 111674?
7
What is the hundreds digit of 328548?
5
What is the tens digit of 29962?
6
What is the tens digit of 23874972?
7
What is the units digit of 743683?
3
What is the tens digit of 329998?
9
What is the millions digit of 2193478?
2
What is the hundred thousands digit of 918655?
9
What is the hundred thousands digit of 258468?
2
What is the millions digit of 3127513?
3
What is the hundred thousands digit of 573418?
5
What is the ten thousands digit of 111404?
1
What is the units digit of 623848?
8
What is the units digit of 766387?
7
What is the thousands digit of 1994512?
4
What is the tens digit of 1210012?
1
What is the thousands digit of 1397539?
7
What is the millions digit of 2102879?
2
What is the units digit of 15359011?
1
What is the ten thousands digit of 4973807?
7
What is the units digit of 428377?
7
What is the units digit of 834731?
1
What is the ten thousands digit of 910758?
1
What is the thousands digit of 2393506?
3
What is the tens digit of 426431?
3
What is the hundred thousands digit of 303145?
3
What is the tens digit of 327927?
2
What is the thousands digit of 898468?
8
What is the thousands digit of 25300172?
0
What is the ten thousands digit of 142975?
4
What is the hundred thousands digit of 1326365?
3
What is the tens digit of 2956809?
0
What is the hundred thousands digit of 333116?
3
What is the tens digit of 2111227?
2
What is the thousands digit of 188365?
8
What is the hundred thousands digit of 186876?
1
What is the hundreds digit of 4406249?
2
What is the millions digit of 16074356?
6
What is the tens digit of 4483134?
3
What is the hundred thousands digit of 950574?
9
What is the tens digit of 1322041?
4
What is the tens digit of 63300?
0
What is the units digit of 2228237?
7
What is the units digit of 124655?
5
What is the ten millions digit of 11220458?
1
What is the units digit of 323769?
9
What is the units digit of 2613208?
8
What is the hundreds digit of 5428982?
9
What is the tens digit of 1158611?
1
What is the hundreds digit of 14831715?
7
What is the units digit of 650132?
2
What is the thousands digit of 19663606?
3
What is the units digit of 499179?
9
What is the thousands digit of 79055?
9
What is the tens digit of 281269?
6
What is the hundreds digit of 246492?
4
What is the ten thousands digit of 266686?
6
What is the tens digit of 9406759?
5
What is the ten thousands digit of 323689?
2
What is the ten thousands digit of 185961?
8
What is the hundreds digit of 2970954?
9
What is the units digit of 1654817?
7
What is the hundred thousands digit of 5274070?
2
What is the units digit of 192819?
9
What is the hundred thousands digit of 311799?
3
What is the ten thousands digit of 3756722?
5
What is the hundred thousands digit of 406734?
4
What is the ten thousands digit of 1108731?
0
What is the thousands digit of 10993057?
3
What is the thousands digit of 8146906?
6
What is the ten thousands digit of 6730925?
3
What is the ten thousands digit of 97230?
9
What is the ten thousands digit of 85549?
8
What is the thousands digit of 257061?
7
What is the tens digit of 13894458?
5
What is the tens digit of 12077478?
7
What is the hundreds digit of 943912?
9
What is the thousands digit of 3676?
3
What is the thousands digit of 66455?
6
What is the units digit of 4185646?
6
What is the thousands digit of 578322?
8
What is the hundreds digit of 1266433?
4
What is the ten thousands digit of 123808?
2
What is the millions digit of 2069632?
2
What is the tens digit of 255092?
9
What is the ten thousands digit of 2340876?
4
What is the units digit of 57213?
3
What is the hundreds digit of 55075?
0
What is the hundred thousands digit of 329755?
3
What is the thousands digit of 120720?
0
What is the units digit of 805416?
6
What is the thousands digit of 635179?
5
What is the millions digit of 1193701?
1
What is the thousands digit of 869954?
9
What is the ten thousands digit of 4673600?
7
What is the millions digit of 4492089?
4
What is the thousands digit of 107718?
7
What is the ten thousands digit of 30948?
3
What is the hundred thousands digit of 230392?
2
What is the hundred thousands digit of 217005?
2
What is the ten thousands digit of 14730561?
3
What is the thousands digit of 59353?
9
What is the tens digit of 160897?
9
What is the hundreds digit of 1036844?
8
What is the thousands digit of 241787?
1
What is the hundred thousands digit of 1184540?
1
What is the ten thousands digit of 25309745?
0
What is the ten thousands digit of 1417076?
1
What is the hundred thousands digit of 761356?
7
What is the hundreds digit of 3974653?
6
What is the tens digit of 229604?
0
What is the hundreds digit of 14189394?
3
What is the thousands digit of 6832067?
2
What is the ten thousands digit of 3844196?
4
What is the hundreds digit of 3090113?
1
What is the hundred thousands digit of 881206?
8
What is the hundreds digit of 822592?
5
What is the hundreds digit of 334796?
7
What is the thousands digit of 2380202?
0
What is the units digit of 2913655?
5
What is the units digit of 4